{"id":138,"date":"2023-10-11T12:21:03","date_gmt":"2023-10-11T12:21:03","guid":{"rendered":"https:\/\/research.hip.fi\/qcdtheory\/?page_id=138"},"modified":"2025-08-06T12:28:28","modified_gmt":"2025-08-06T12:28:28","slug":"visitors-in-the-past-years","status":"publish","type":"page","link":"https:\/\/research.hip.fi\/qcdtheory\/visits-and-visitors\/visitors-in-the-past-years\/","title":{"rendered":"Visitors in the past years"},"content":{"rendered":"<h3>2024<\/h3>\n<p>17.12., Jani Penttala (UCLA)<\/p>\n<p>18.-22.11., Meijian Li, Wenyang Qian (Santiago de Compostela)<\/p>\n<p>14.-22.10. Yu Shi (Ecole Polytechnique, CPHT)<\/p>\n<p>17.-20.6. Jani Penttala (UCLA)<\/p>\n<p>10.5. Risto Paatelainen, (University of Helsinki)<\/p>\n<p>6.-10.5. Aleksas Mazeliauskas (University of Heidelberg, Germany)<\/p>\n<p>15.-18.3. Michal Heller (Ghent University)<\/p>\n<p>26.2.-30.4. Carlos Lamas Rodr\u00edguez (University of Santiago de Compostela)<\/p>\n<p>30.1.-2.2. Peter Meinzinger (Durham University)<\/p>\n<h3>2023<\/h3>\n<p>9.-11.3. Risto Paatelainen (University of Helsinki)<\/p>\n<p>20.-23.3. Christian T. Preuss (ETH Z\u00fcrich)<\/p>\n<p>19.4.-23.4. Felix Hekhorn (INFN, Milan, Italy)<\/p>\n<p>1.-3.6. Paul Hoyer (University of Helsinki), opponent for Topi L\u00f6yt\u00e4inen<\/p>\n<p>5.-8.6. Adrian Dumitru (Baruch College, CUNY), opponent for Sami Demirci<\/p>\n<p>25.-28.6. Christopher Royon (University of Kansas)<\/p>\n<p>1.-26.8. Jamal Jalilian-Marian (Baruch College, CUNY)<\/p>\n<p>6.-10.8. Christopher Royon (University of Kansas)<\/p>\n<p>6.-9.8. Lech Szymanowski (National Centre for Nuclear Research, Poland), opponent for Jani Penttala<\/p>\n<p>6.-8.8. Risto Paatelainen (University of Helsinki)<\/p>\n<p>6.-10.11. Travis Dore (Bielefeld University)<\/p>\n<h3>2022<\/h3>\n<p>21.-22.4. Jarkko Peuron (Lund University), Sweden<\/p>\n<p>27.-29.4. R. Paatelainen (University of Helsinki), Finland<\/p>\n<p>1.-16.11. Jan Fotakis (J.W. Goethe University), Frankfurt am Main, Germany<\/p>\n<p>7.-10.12. Michel Strickland (Kent State U., member of SAB of our CoE), CoE SAB meeting<\/p>\n<p>7.-10.12. Olga Evdogimov (U. of Illinois, Chicago, member of SAB of our CoE), CoE SAB meeting<\/p>\n<p>8.-9.12. Pekka Pankka (U. Helsinki, member of SAB of our CoE), CoE SAB meeting<\/p>\n<h3><a id=\"2021\" name=\"2021\"><\/a>2021<\/h3>\n<p>16.4. Torbj\u00f6rn Sj\u00f6strand (Lund University), JYFL Colloquium &#8220;Past, present and future of the PYTHIA event generator&#8221;, online<\/p>\n<p>22.6. Stephane Munier (Ecole Polytechnique\/CNRS), opponent for Andrecia Ramnath, online<\/p>\n<p>29.10. Krzysztof Golec-Biernat (Institute of Nuclear Physics PAN, Poland), opponent for Henri H\u00e4nninen, online<\/p>\n<h3><a id=\"2020\" name=\"2020\"><\/a>2020<\/h3>\n<p>14.-24.2. Dirk Rischke (J.W. Goethe University, Frankfurt)<\/p>\n<h3><a id=\"2019\" name=\"2019\"><\/a>2019<\/h3>\n<p>2.-3.1. Risto Paatelainen (CERN, Theory Department, Geneva, Switzerland)<\/p>\n<p>11.-22.2. Jarkko Peuron (ECT*, Trento, Italy)<\/p>\n<p>19.-26.2. Etele Molnar (J.W. Goethe University, Frankfurt am Main, Germany)<\/p>\n<p>20.-27.2. Dirk H. Rischke (J.W. Goethe University, Frankfurt am Main, Germany)<\/p>\n<p>13.-17.5. Marina Walt (T\u00fcbingen University, T\u00fcbingen, Germany)<\/p>\n<p>27.5.-21.6. Pasi Huovinen (Institute of Physics Belgrade, University of Belgrade, Serbia)<\/p>\n<p>27.-31.5. Risto Paatelainen (CERN, Theory Department , Geneva, Switzerland)<\/p>\n<p>12.8.-2.9. Jarkko Peuron (ECT*, Trento, Italy)<\/p>\n<p>12.-21.8. Risto Paatelainen (CERN, Theory department , Geneva, Switzerland)<\/p>\n<p>21.-31.8. Kirill Boguslavski (TU Wien, Austria)<\/p>\n<p>3.-4.9. Keijo Kajantie (HIP, University of Helsinki)<\/p>\n<p>5.-7.9. Juan Rojo (Vrije University, Amsterdam, Netherlands): opponent for P. Paakkinen<\/p>\n<p>21.-28.9. Meijian Li (Iowa State University, Ames, IA, USA)<\/p>\n<p>24.9.-15.10. Jan Fotakis (J.W. Goethe University, Frankfurt am Main, Germany)<\/p>\n<p>20.12. Jarkko Peuron (ECT*, Trento, Italy)<\/p>\n<h3><a id=\"2018\" name=\"2018\"><\/a>2018<\/h3>\n<p>15.-19.1. Asier Pi\u00f1eiro Orioli (Heidelberg University)<\/p>\n<p>22.-26.1. Risto Paatelainen (University of Helsinki)<\/p>\n<p>12.2-12.5. David M\u00fcller (Vienna University of Technology)<\/p>\n<p>13.-21. 2. Etele Molnar (J.W. Goethe University, Frankfurt)<\/p>\n<p>13.-23. 2. Dirk Rischke (J.W. Goethe University, Frankfurt)<\/p>\n<p>2.-4.4. Risto Paatelainen (University of Helsinki)<\/p>\n<p>4.5. Ilkka Helenius (University of T\u00fcbingen)<\/p>\n<p>6.4. Pasi Huovinen (University of Wroclaw)<\/p>\n<p>6.6. Aleksi Vuorinen (Helsinki Institute of Physics)<\/p>\n<p>6.6. Keijo Kajantie (Helsinki Institute of Physics)<\/p>\n<p>6.-7.8. Anders Tranberg (University of Stavanger)<\/p>\n<p>6.-19.8. Carlos Salgado (University of Santiago de Compostela)<\/p>\n<p>8.-10.8. Niklas M\u00fcller (BNL)<\/p>\n<p>9.8. Pasi Huovinen (University of Wroclaw)<\/p>\n<p>12.-15.8. Jamie Nagle (University of Colorado)<\/p>\n<p>13.-17.8. Risto Paatelainen (University of Helsinki)<\/p>\n<p>15.8. Keijo Kajantie (Helsinki Institute of Physics)<\/p>\n<p>17.-21.8. Pasi Huovinen (University of Wroclaw)<\/p>\n<p>4.12. Maximilian Attems (University of Santiago de Compostela)<\/p>\n<p>10.-14. 12. Etele Molnar (J.W. Goethe University, Frankfurt)<\/p>\n<p>14.12. Keijo Kajantie (Helsinki Institute of Physics)<\/p>\n<p>17.-21.12. Pasi Huovinen (Institute of Physics, Belgrade)<\/p>\n<h3><a id=\"2017\" name=\"2017\"><\/a>2017<\/h3>\n<p>5.1. Harri Niemi (J.W. Goethe University, Frankfurt)<\/p>\n<p>9.-13.1. Pasi Huovinen (University of Wroclaw)<br \/>\nSeminar: Is there a low p_T anomaly in the pion momentum spectrum at LHC?<\/p>\n<p>23.2.-1.3. Dirk Rischke (J.W. Goethe University, Frankfurt)<\/p>\n<p>27.-31.3. Ilkka Helenius (The University of T\u00fcbingen)<br \/>\nSeminar: Photoproduction in e+e- and ep collisions with Pythia 8<\/p>\n<p>18.-26.4. Harri Niemi (J.W. Goethe University, Frankfurt)<br \/>\nSeminar: Choice of moment and derivation of anisotropic dissipative fluid dynamics<\/p>\n<p>15.-19.5. Heikki M\u00e4ntysaari (BNL, NY, USA)<br \/>\nSeminar: Imprints of fluctuating proton shapes on flow in proton-lead collisions at the LHC<\/p>\n<p>5.-9.6. Pasi Huovinen (University of Wroclaw)<br \/>\nSeminar: Better fitting through (fictitious) chemistry<\/p>\n<p>22.6. Ilkka Helenius (University of T\u00fcbingen)<\/p>\n<p>1.5.-31.7. David M\u00fcller (Vienna University of Technology)<br \/>\nSeminar: Simulating the Glasma in heavy ion collisions with finite longitudinal thickness<\/p>\n<p>9.-12.8. Jean-Paul Blaizot (Saclay)<br \/>\nDepartmental colloquium: Bose-Einstein condensation in unusual circumstances<\/p>\n<p>11.-24.8. Ilkka Helenius (University of T\u00fcbingen)<\/p>\n<p>28.8.-1.9. Harri Niemi (J.W. Goethe University, Frankfurt)<\/p>\n<p>13.10. Aleksi Vuorinen<br \/>\nDepartmental colloquium: Neutron star properties from QCD<\/p>\n<p>21.-22.11. Risto Paatelainen (University of Helsinki)<\/p>\n<p>18.-22.12. Ilkka Helenius (University of T\u00fcbingen)<\/p>\n<h3><a id=\"2016\" name=\"2016\"><\/a>2016<\/h3>\n<p>8.1. Harri Niemi (J.W. Goethe University, Frankfurt)<\/p>\n<p>11.-15.1. Pasi Huovinen (University of Wroclaw)<br \/>\nSeminar: \u201dDoes eta\/s depend on mu_b?\u201d<\/p>\n<p>7.-10.2. David Zaslavsky (CCNU)<br \/>\nSeminar: \u201cInclusive Hadron Production as a Probe of Saturation Physics on the Energy Frontier\u201d<\/p>\n<p>17.-29.2. Dirk Rischke (J.W. Goethe University, Frankfurt)<br \/>\nDepartmental Colloquium: \u201cRelativistic hydrodynamics for heavy-ion collisions \u2014 can a macroscopic approach be applied to a microscopic system?\u201d<\/p>\n<p>21.3. Harri Niemi (J.W. Goethe University, Frankfurt)<\/p>\n<p>18.-22.4. Heikki M\u00e4ntysaari (BNL, NY, USA)<br \/>\nSeminar: \u201cConstraining proton structure fluctuations at small x\u201d<\/p>\n<p>20.-21.4. Urs Wiedemann (CERN-TH, Switzerland)<br \/>\nSeminar: \u201cViscous hydrodynamics &amp; cosmology\u201d<\/p>\n<p>30.5.-4.6. Kirill Boguslavski (Heidelberg University, Germany)<br \/>\nseminar: \u201cFar-from-equilibrium universality classes in heavy-ion collisions and cosmology\u201d<\/p>\n<p>10.8. Pasi Huovinen, (University of Wroclaw)<\/p>\n<p>8.-12.8. Harri Niemi (J.W. Goethe University, Frankfurt), JSS16 lecturer<\/p>\n<p>8.-12.8. Aleksi Kurkela (CERN\/TH) JSS16 lecturer<\/p>\n<p>11.-15.11. Heikki M\u00e4ntysaari (BNL, NY, USA)<br \/>\nseminar: \u201cProton structure fluctuations at high energy\u201d<\/p>\n<h2><a id=\"2015\" name=\"2015\"><\/a>2015<\/h2>\n<p>5.-9.1. Risto Paatelainen (U. Santiago de Compostela, Spain)<\/p>\n<p>12.-13.1. Pasi Huovinen (J.W. Goethe University, Frankfurt)<\/p>\n<p>14.-25.2. Dirk Rischke (J.W. Goethe University, Frankfurt)<\/p>\n<p>10.-13.6. Jamal Jalilian-Marian (Baruch College, New York, USA), Opponent for Heikki M\u00e4ntysaari<\/p>\n<p>11.6. Ilkka Helenius (Lund University, Sweden)<\/p>\n<p>23.6. Jussi Auvinen (Duke University, USA)<\/p>\n<p>12.8. Heribert Weigert (University of Cape Town, South Africa)<\/p>\n<p>6.-7.11. Keijo Kajantie (HIP, Helsinki)<\/p>\n<p>4.12. Ilkka Helenius (Lund University, Sweden)<\/p>\n<p>14.-16.12. Risto Paatelainen (U. Santiago de Compostela, Spain)<\/p>\n<p>14.-19.12. Soeren Schlichting (BNL, NY, USA)<\/p>\n<h2><a id=\"2014\" name=\"2014\"><\/a>2014<\/h2>\n<p>19.-22.1. Matt Sievert (Ohio State U.)<\/p>\n<p>23.-28.1. David Zaslavsky (Penn State U.)<\/p>\n<p>28.-31.1. Bertrand Duclou\u00e9 (Orsay)<\/p>\n<p>5.-8.2. Frederik Van der Veken (Antwerpen)<\/p>\n<p>13.-27.2. Dirk Rischke (J.W. Goethe University, Frankfurt)<\/p>\n<p>16.-22.2. Gabriel Denicol (McGill University, Montreal, Canada)<\/p>\n<p>25.-28.3. Pasi Huovinen (J.W. Goethe University, Frankfurt)<\/p>\n<p>3.-6.8. Marco Stratmann (Institute for Theoretical Physics, Tubingen University)<br \/>\nOpponent for Ilkka Helenius<\/p>\n<p>28.-30.8. Mikko Laine (Institute for Theoretical Physics, Albert Einstein Center, University of Bern)<br \/>\nOpponent for Risto Paatelainen<\/p>\n<h2><a id=\"2013\" name=\"2013\"><\/a>2013<\/h2>\n<p>18.1. Hannu Holopainen (FIAS, Frankfurt)<\/p>\n<p>8.-25.2. Dirk Rischke (J.W. Goethe U., Frankfurt)<\/p>\n<p>25.2-1.3. Pasi Huovinen (FIAS, Frankfurt)<\/p>\n<p>2.-5.9. International POETIC IV workshop at Jyv\u00e4skyl\u00e4:<br \/>\n20 participants from abroad, 3 from Helsinki. <a class=\"internal-link\" href=\"https:\/\/www.jyu.fi\/science\/en\/physics\/research\/highenergy\/urhic\/poetic_workshop\/registered-participants\/registrants\">Registered participants<\/a><\/p>\n<h2><a id=\"2012\" name=\"2012\"><\/a>2012<\/h2>\n<p>4.1. Pasi Huovinen (J. W. Goethe U. &amp; FIAS, Frankfurt)<\/p>\n<p>17.1. Hannu Holopainen (J. W. Goethe U. &amp; FIAS, Frankfurt)<\/p>\n<p>1.2.-1.3. Gabriel Denicol (Institut f\u00fcr Theoretische Physik, J. W. Goethe U., Frankfurt)<br \/>\nTalk: 3.2.<\/p>\n<p>13.-27.2. Dirk Rischke (J. W. Goethe U. &amp; FIAS, Frankfurt)<\/p>\n<p>17.-26.2. Pasi Huovinen (J. W. Goethe U. &amp; FIAS, Frankfurt)<br \/>\nTalk: 22.2. &#8220;Including finite net-baryon number into lattice equation of state&#8221;<br \/>\nTalk: 24.2. &#8220;Triangles and tetrahedra: Airtight freeze-out surface in 3+1D&#8221;<\/p>\n<p>17.-26.2. Etele Moln\u00e1r (MTA Wigner Research Centre for Physics, Budapest)<\/p>\n<p>26.-28.2. Rodion Kolevatov (University of Oslo, Norway)<br \/>\nTalk: &#8220;Reggeon field theory \/ mass hierarchy in collisional energy loss&#8221;<\/p>\n<p>5.-7.3. Redamy Perez-Ramos (University of Valencia, Spain)<br \/>\nTalk: &#8220;Medium-modified parton showers&#8221;<\/p>\n<p>8.-10.3. Hao Ma (Universiy of Santiago de Compostela, Spain)<br \/>\nTalk: &#8220;Photon and gluon radiation in a hot and dense QCD medium&#8221;<\/p>\n<p>1.-31.6. Heli Honkanen (Penn State University, USA)<\/p>\n<p>20.-24.8. Francois Gelis (Institut de Physique Theoretique, CEA\/Saclay, France)<br \/>\nLectures: &#8220;High Energy Scattering in QCD&#8221;<\/p>\n<p>20.-24.8. William Horowitz (University of Cape Town, South Africa)<br \/>\nLectures: &#8220;pQCD Calculations of Parton Energy Loss in a Quark-Gluon Plasma&#8221;<\/p>\n<p>20.-24.8. Bj\u00f6rn Schenke (Brookhaven National Laboratory, USA)<br \/>\nLectures: &#8220;Relativistic Hydrodynamics in Heavy Ion Collisions&#8221;<\/p>\n<p>30.8.-3.9. Steffen Bass (Duke University, Durham, N.C., USA)<br \/>\nOpponent to Jussi Auvinen 31.8.<\/p>\n<p>1.9.-6.11. Heli Honkanen (Penn State University, USA)<\/p>\n<h2><a id=\"2011\" name=\"2011\"><\/a>2011<\/h2>\n<p>4.1. Harri Niemi (J. W. Goethe U. &amp; FIAS, Frankfurt)<br \/>\nTalk: &#8220;Influence of the shear viscosity of the quark-gluon plasma on elliptic flow in ultrarelativistic heavy-ion collisions.&#8221;<\/p>\n<p>17.-21.1. Pasi Huovinen (J. W. Goethe U. &amp; FIAS, Frankfurt)<br \/>\nTalk: &#8220;Viscous hydrodynamics for URHIC&#8221;<\/p>\n<p>10.2. Marco Ruggieri (Yukawa Institute for Theoretical Physics, Kyoto University)<br \/>\nTalk: &#8220;Quantum Chromodynamics in a Strong Magnetic Background&#8221;<br \/>\nHost: K. Tuominen<\/p>\n<p>18.2.-1.3. Dirk Rischke (J. W. Goethe U. &amp; FIAS, Frankfurt)<\/p>\n<p>22.2. Keijo Kajantie (Helsinki Institute of Physics)<\/p>\n<p>25.-26.3. Jorge Casalderrey-Solana (CERN\/TH)<br \/>\nTalk: &#8220;Jet quenching and the AdS\/CFT-correspondence&#8221;<\/p>\n<p>10.-30.4. Massimiliano Alvioli (ECT, Trento)<br \/>\nTalk: &#8220;Nucleon-nucleon correlations and fluctuations in Monte Carlo Glauber modeling&#8221;<\/p>\n<p>28.-29.4. Lauri Wendland (Helsinki Institute of Physics)<br \/>\nColloquium: &#8220;Status of Higgs boson searches in the CMS experiment at the CERN LHC&#8221;<\/p>\n<p>20.-22.6. Mark Strikman (Pennsylvania State University)<br \/>\nTalk: &#8220;Theory of leading twist shadowing phenomena : predictions and uncertainty estimates&#8221;<\/p>\n<p>22.-26.8. Bj\u00f6rn Schenke (Brookhaven National Laboratory)<br \/>\nTalk: &#8220;3+1D viscous relativistic hydrodynamics&#8221;<\/p>\n<p>14.-17.8. Derek Teaney (Stony Brook State University of New York)<br \/>\nOpponent for Hannu Holopainen<\/p>\n<p>16.8. Keijo Kajantie (Helsinki Institute of Physics)<\/p>\n<p>2.9. Keijo Kajantie (Helsinki Institute of Physics)<\/p>\n<p>29.9. Marco Panero (Helsinki Institute of Physics)<br \/>\nTalk: &#8220;Thermal properties of strongly coupled gauge theories and the large-N limit&#8221; Host: K. Tuominen<\/p>\n<p>6.-7.10. Sabine Hossenfelder (Nordita, Stockholm)<br \/>\nColloquium: &#8220;News from Quantum Gravity Phenomenology&#8221;<\/p>\n<p>13.10. Lusaka Bhattacharya (Saha Institute of Nuclear Physics, Kolkata)<br \/>\nTalk: &#8220;Photons from relativistic heavy ion collisions&#8221;<\/p>\n<p>14.10. Aleksi Kurkela (McGill University, Montreal)<br \/>\nTalk: &#8220;Thermalisation in collisions of extremely large nuclei at extremely large energies&#8221;<\/p>\n<p>21.10. Ritva Kinnunen (Helsinki Institute of Physics)<br \/>\nColloquium: &#8220;Higgs Results from CMS&#8221;<\/p>\n<h2><a id=\"2010\" name=\"2010\"><\/a>2010<\/h2>\n<p>8.1, 12-13.1 Harri Niemi (J. W. Goethe U., Frankfurt am Main)<br \/>\nSeminar: Precisision tests of Israel-Stewart hydrodynamics<\/p>\n<p>1.-6.2 George Moschelli (Wayne State U.)<br \/>\nSeminar: Soft Contribution to the Hard Ridge<\/p>\n<p>8.-10.2 William Horowitz (Ohio State U.)<br \/>\nSeminar: Successes, Failures, and Uncertainties in the Theory of Jet Physics in Heavy Ion Collisions<\/p>\n<p>15.-20.2 Rupa Chatterjee (Variable Energy Cyclotron Centre, Kolkata, India)<br \/>\nSeminar: Consequences of elliptic flow in relativistic heavy ion collisions<\/p>\n<p>15.-25.2 Dirk Rischke (J.W. Goethe U. Frankfurt am Main)<\/p>\n<p>16.-20.8 Hannah Petersen (Duke U.)<a class=\"afflink\" href=\"http:\/\/www.slac.stanford.edu\/spires\/find\/inst\/wwwinspire?icncp=Duke%20U.\"><br \/>\n<\/a><\/p>\n<p>23.-27.8 Harri Niemi (J. W. Goethe U., Frankfurt am Main)<br \/>\nSeminar: Viscous hydrodynamics<\/p>\n<p>25.-29.10 Matt Luzum (Saclay, SPhT)<br \/>\nSeminars: Triangular flow in viscous hydrodynamics, v4 from Ideal and Viscous Hydrodynamics<\/p>\n<p>4.-6.11 Nick Evans (University of Southampton, UK)<br \/>\nOpponent for M. Heikinheimo<\/p>\n<p>9.-11.12 Eduardo S. Fraga (Rio de Janeiro Federal U., Brasil)<br \/>\nOpponent for T. K\u00e4h\u00e4r\u00e4<\/p>\n<p>13.-21.12 Tobial Toll (Brookhaven)<br \/>\nSeminar about a Monte Carlo event generator for diffractive nuclear deep inelastic scattering<\/p>\n<h2><a id=\"2009\" name=\"2009\"><\/a>2009<\/h2>\n<p>12.1. Kari Enqvist (Helsinki U.)<\/p>\n<p>23.1. Kari Rummukainen (Oulu U. &amp; Helsinki U.)<br \/>\nColloquium:&#8221;From actions to answers: particle physics and lattice simulations&#8221;<\/p>\n<p>13.2. Paula Eerola (Helsinki U.)<br \/>\nColloquium talk:&#8221;First physics at LHC: when and what&#8221;<\/p>\n<p>14-24.2. D.H. Rischke (J.W. Goethe U. Frankfurt am Main)<br \/>\nSeminar: From kinetic theory to dissipative fluid dynamics<\/p>\n<p>27.2. Keijo Kajantie (Helsinki U.)<br \/>\nColloquium: The big black hole in the center of the Milky Way<\/p>\n<p>11.-13.2., 17.-19.2., 25-26.2. Tuomas Lappi (Saclay)<\/p>\n<p>14.-17.4 Francois Arleo (LAPTH, Annecy)<\/p>\n<p>21-22.5. Hannu Kurki-Suonio (Helsinki U &amp; HIP)<br \/>\nColloquium: &#8220;Cosmology and the Planck Satellite&#8221;<\/p>\n<p>25-29.6. Jianwei Qiu (Iowa State U., Ames)<br \/>\nOpponent for H. Paukkunen<\/p>\n<p>7.8, 11.8 Harri Niemi (J. W. Goethe U., Frankfurt am Main)<\/p>\n<p>20.11. Risto Orava (Helsinki U.)<\/p>\n<h2><a id=\"2008\" name=\"2008\"><\/a>2008<\/h2>\n<p>1.2. Kenneth \u00d6sterberg (Helsinki)<br \/>\nColloquium talk: &#8220;Loooking Forward with TOTEM at the LHC &#8221;<\/p>\n<p>11.-22.2. Dirk Rischke (Frankfurt)<\/p>\n<p>12.-13.2. A. Tranberg (Oulu)<br \/>\nseminar: &#8220;Cold electroweak baryogenesis&#8221;<\/p>\n<p>25.-27.2. A. Kurkela (Helsinki)<br \/>\nseminar: &#8220;Dimensional reduction near deconfinement transition of QCD&#8221;.<\/p>\n<p>18.4. Stephane Peigne (Nantes)<br \/>\nseminar: &#8220;Parton Collisional Energy Loss in a Quark Gluon Plasma&#8221;.<\/p>\n<p>24.4. C. Cronstr\u00f6m<br \/>\nseminar: History of Helsinki Institute of Physics<\/p>\n<p>3-6.8.2008 A. Dumitru, Johann Wolfgang Goethe Universit\u00e4t, Frankfurt, Germany<br \/>\nAs the opponent of Harri Niemi<\/p>\n<p>8.8. Tuomas Lappi (Saclay)<br \/>\nseminar: Diffractive PDFs<\/p>\n<p>15.8. Pasi Huovinen<br \/>\nseminar: &#8220;Viscous hydrodynamics&#8221;<\/p>\n<p>18.-22.8. Keijo Kajantie (Helsinki)<br \/>\nSummer School Lectures: &#8220;New Gauge\/gravity Duality Ideas and their Applications&#8221;<\/p>\n<p>18.-22.8. Paul Romatschke<br \/>\nSummer School Lectures: &#8220;New Developments in Relativistic Viscous Hydrodynamics for RHIC&#8221;<\/p>\n<p>25.-29.8 David d&#8217;Enterria (CERN)<br \/>\nLectures: &#8220;Forward physics at the LHC&#8221;<\/p>\n<p>25.-29.8 Paul Hoyer (Helsinki)<br \/>\nLectures: &#8220;QCD and hadron phenomenology&#8221;<\/p>\n<p>25.-29.8 Tiina Suomij\u00e4rvi (IPN Orsay)<\/p>\n<p>Lectures: &#8220;Physics of high energy cosmic rays&#8221;<\/p>\n<p>25.-29.8 Marc Vanderhaeghen (Mainz)<br \/>\nLectures: &#8220;Hadron structure at FAIR&#8221;<\/p>\n<p>25.-29.8 Wolfgang Kuehn (Giessen)<\/p>\n<p>7.10. Keijo Kajantie (Helsinki)<br \/>\nSeminar: &#8220;Superfluid Relativistic Hydrodynamics&#8221;<\/p>\n<h2><a id=\"2007\" name=\"2007\"><\/a>2007<\/h2>\n<p>2-3.1. M. Laine (Bielefeld)<\/p>\n<p>17.-24.2 Dirk Rischke (Univ. of Frankfurt)<\/p>\n<p>22-28.2. X.-N- Wang (LBNL)<\/p>\n<p>22-28.2. I. Vitev (LANL)<\/p>\n<p>O(50) foreign participants in the workshop on &#8220;High-pT Physics at LHC&#8221;,<br \/>\norganized by us at JYFL, 22-27.2.<\/p>\n<p>3-6.6. F. Sannino (SDU\/Odense)<\/p>\n<p>3-5.9. T. Tahkokallio (Helsinki)<\/p>\n<p>6-15.10. A. Dumitru (Frankfurt)<\/p>\n<p>11.10. K. Kajantie (Helsinki)<\/p>\n<p>19-20.12. T. Lappi (Saclay)<\/p>\n<h2><a id=\"2006\" name=\"2006\"><\/a>2006<\/h2>\n<p>8.-9.2.2006 Y. Li (Minneapolis)<\/p>\n<p>10.-26.2.2006. D. H. Rischke (Frankfurt)<\/p>\n<p>12.4.2006 T. Lappi (BNL)<\/p>\n<p>5.-12.5.2006 J. Ruppert (Duke U.)<\/p>\n<p>11.-18.5.2006 R. Vogt (LBNL&amp; Davis)<\/p>\n<p>25.-27.5.2006 G. Baym (Urbana)<\/p>\n<p>3.11.2006 K. Rummukainen (Oulu)<\/p>\n<p>7.-8.12.2006 K. Rummukainen (Oulu)<\/p>\n<h2><a id=\"2005\" name=\"2005\"><\/a>2005<\/h2>\n<p>Peter Levai (Budapest, Hungary)<br \/>\n9.-13.1.2005<\/p>\n<p>Carlos Salgado (CERN-TH)<br \/>\n17.-22.1.2005<\/p>\n<p>D. H. Rischke (Frankfurt)<br \/>\n13.-26.2.2005<\/p>\n<p>\u00c1. M\u00f3csy (Frankfurt)<br \/>\n21.-26.2.2005<\/p>\n<p>D. D. Dietrich (NBI)<br \/>\n29.5.-3.6.2005<\/p>\n<p>T. Renk (Duke University, NC, USA)<br \/>\n14.-18.6.2005<\/p>\n<p>Horst St\u00f6cker (Frankfurt)<br \/>\n11.-13.12.2005<\/p>\n<h2><a id=\"2004\" name=\"2004\"><\/a>2004<\/h2>\n<p>A. Ipp (Austria)<br \/>\n2.-12.1.2004<\/p>\n<p>D. Rischke (Frankfurt)<br \/>\n13.-25.2.2004<\/p>\n<p>E. Keski-Vakkuri (Helsinki, HIP)<br \/>\n20.2.2004<\/p>\n<p>F. Sannino (Denmark)<br \/>\n27.-31.5.2004<\/p>\n<p>P. Aurenche (France)<br \/>\n12.-15.6.2004<\/p>\n<p>R. Pisarski (BNL, USA and Nordita)<br \/>\n20.-21.6.2004<\/p>\n<p>I. Vitev (LANL, USA)<br \/>\n7.-13.8.2004<\/p>\n<p>P. Hoyer (Helsinki)<br \/>\n8.-14.8.2004<\/p>\n<p>S. Heppelmann (Pen State, USA)<br \/>\n8.-14.8.2004<\/p>\n<p>J. Ritman (Giessen)<br \/>\n9.-13.8.2004<\/p>\n<p>U. Mosel (Giessen)<br \/>\n8.-14.8.2004<\/p>\n<p>W. Cassing (Giessen)<br \/>\n8.-14.8.2004<\/p>\n<p>W. Kuehn (Giessen)<br \/>\n8.-14.2004<\/p>\n<h2><a id=\"2003\" name=\"2003\"><\/a>2003<\/h2>\n<p>Pasi Huovinen (Univ. of Minneapolis)<br \/>\n7.-10.1. 2003<\/p>\n<p>Francois Gelis (SPhT, Saclay)<br \/>\n2.-8.2.2003<\/p>\n<p>Dirk Rischke (Univ. of Frankfurt)<br \/>\n15.-20.2.2003<\/p>\n<p>Tuomas Lappi (Univ. of Helsinki)<br \/>\n4.4.2003<\/p>\n<p>Sourendu Gupta (TIFR, Mumbai)<br \/>\n7.-8.4.2003<\/p>\n<p>P. Huovinen (Univ. of Minneapolis)<br \/>\n7.-17.4.2003<\/p>\n<p>K. Tuominen (NORDITA)<br \/>\n14.-16.4.2003<\/p>\n<p>M. Laine (Bielefeld)<br \/>\n7.-8.8.2003<\/p>\n<p>J. Randrup (LBNL)<br \/>\n3.-30.8.2003, JYFL<\/p>\n<p>R. Vogt (LBNL &amp; UC Davis)<br \/>\n3.-30.8.2003, JYFL<\/p>\n<p>K. Kajantie (Helsinki)<br \/>\n24.10.2003<\/p>\n<p>A. Dainese (Padova, ALICE)<br \/>\n24.-27.11.2003<\/p>\n<p>F. Sannino (Nordita)<br \/>\n28.-30.11.2003<\/p>\n<h2><a id=\"2002\" name=\"2002\"><\/a>2002<\/h2>\n<p>Pasi Huovinen (Univ. of Minneapolis)<br \/>\n9.-11.1.2002<\/p>\n<p>Carlos Salgado (CERN\/TH)<br \/>\n19.-26.1.2002<\/p>\n<p>Dirk H. Rischke (University of Frankfurt)<br \/>\n21.-24.2.2002<\/p>\n<p>Nestor Armesto (University of Cordoba)<br \/>\n17.3-6.4.2002<\/p>\n<p>Michael Strickland (Duke University)<br \/>\n11.-17.6.2002<\/p>\n<p>Kimmo Tuominen (NORDITA)<br \/>\n3.-7.6.2002<\/p>\n<p>Pasi Huovinen (Univ. of Minneapolis)<br \/>\n12.8-2.9.2002<\/p>\n<p>Bronislaw G. Zakharov (Landau Institute for Theoretical Physics, Russia)<br \/>\n14.-20.10.2002<\/p>\n<p>Ralf Rapp (NORDITA)<br \/>\n23.-25.10.2002<\/p>\n<p>Kimmo Tuominen (NORDITA)<br \/>\n18.-23.11.2002<\/p>\n<p>Peter Kolb, (Stony Brook)<br \/>\n8.-11.12.2002<\/p>\n<h2><a id=\"2001\" name=\"2001\"><\/a>2001<\/h2>\n<p>Berndt Muller (Duke University)<br \/>\n15.-17.2.2001<\/p>\n<p>Keijo Kajantie (University of Helsinki)<br \/>\n16.-17.2.2001<\/p>\n<p>John Harris (Yale University)<br \/>\n21.-25.3.2001<\/p>\n<p>Urs Wiedemann (CERN\/TH)<br \/>\n8.-12.8.2001<\/p>\n<p>Keijo Kajantie (University of Helsinki)<br \/>\n15.-21.11.2001<\/p>\n<p>Nestor Armesto (University of Cordoba)<br \/>\n3.-7.10.2001<\/p>\n<p>Kimmo Tuominen (NORDITA)<br \/>\n15.-21.11.2001<\/p>\n","protected":false},"excerpt":{"rendered":"<p>2024 17.12., Jani Penttala (UCLA) 18.-22.11., Meijian Li, Wenyang Qian (Santiago de Compostela) 14.-22.10. Yu Shi (Ecole Polytechnique, CPHT) 17.-20.6. Jani Penttala (UCLA) 10.5. Risto Paatelainen, (University of Helsinki) 6.-10.5. Aleksas Mazeliauskas (University of Heidelberg, Germany) 15.-18.3. Michal Heller (Ghent University) 26.2.-30.4. Carlos Lamas Rodr\u00edguez (University of Santiago de Compostela) 30.1.-2.2. Peter Meinzinger (Durham University) [&hellip;]<\/p>\n","protected":false},"author":2,"featured_media":0,"parent":136,"menu_order":0,"comment_status":"closed","ping_status":"closed","template":"","meta":{"footnotes":""},"class_list":["post-138","page","type-page","status-publish","hentry","post"],"_links":{"self":[{"href":"https:\/\/research.hip.fi\/qcdtheory\/wp-json\/wp\/v2\/pages\/138","targetHints":{"allow":["GET"]}}],"collection":[{"href":"https:\/\/research.hip.fi\/qcdtheory\/wp-json\/wp\/v2\/pages"}],"about":[{"href":"https:\/\/research.hip.fi\/qcdtheory\/wp-json\/wp\/v2\/types\/page"}],"author":[{"embeddable":true,"href":"https:\/\/research.hip.fi\/qcdtheory\/wp-json\/wp\/v2\/users\/2"}],"replies":[{"embeddable":true,"href":"https:\/\/research.hip.fi\/qcdtheory\/wp-json\/wp\/v2\/comments?post=138"}],"version-history":[{"count":4,"href":"https:\/\/research.hip.fi\/qcdtheory\/wp-json\/wp\/v2\/pages\/138\/revisions"}],"predecessor-version":[{"id":648,"href":"https:\/\/research.hip.fi\/qcdtheory\/wp-json\/wp\/v2\/pages\/138\/revisions\/648"}],"up":[{"embeddable":true,"href":"https:\/\/research.hip.fi\/qcdtheory\/wp-json\/wp\/v2\/pages\/136"}],"wp:attachment":[{"href":"https:\/\/research.hip.fi\/qcdtheory\/wp-json\/wp\/v2\/media?parent=138"}],"curies":[{"name":"wp","href":"https:\/\/api.w.org\/{rel}","templated":true}]}}