{"id":126,"date":"2023-10-11T12:17:01","date_gmt":"2023-10-11T12:17:01","guid":{"rendered":"https:\/\/research.hip.fi\/qcdtheory\/?page_id=126"},"modified":"2025-11-27T18:26:35","modified_gmt":"2025-11-27T18:26:35","slug":"msc-theses","status":"publish","type":"page","link":"https:\/\/research.hip.fi\/qcdtheory\/theses\/msc-theses\/","title":{"rendered":"MSc theses"},"content":{"rendered":"\n<p>Anna-Mari Lev\u00e4lampi<br><a href=\"https:\/\/jyx.jyu.fi\/jyx\/Record\/jyx_123456789_106986?sid=230720754\">D-meson photoproduction in ultra-peripheral heavy-ion collisions<\/a><br>Jyv\u00e4skyl\u00e4, November <strong>2025<\/strong><br>Supervisor: I. Helenius<\/p>\n\n\n\n<p>Mika Peura<br><a href=\"https:\/\/jyx.jyu.fi\/jyx\/Record\/jyx_123456789_107019?sid=230719872\">Modeling the p+p scattering with the baryon operator<\/a><br>Jyv\u00e4skyl\u00e4, November <strong>2025<\/strong><br>Supervisor: H. M\u00e4ntysaari<\/p>\n\n\n\n<p>Kosmo Kukkonen<br><a href=\"https:\/\/jyx.jyu.fi\/jyx\/Record\/jyx_123456789_103140\">A kinetic simulation of a quark-gluon gas<\/a><br>Jyv\u00e4skyl\u00e4, June <strong>2025<\/strong> <br>Supervisors: K. J. Eskola, H. Niemi&nbsp;<\/p>\n\n\n\n<p>Joel Simeon Hyypp\u00e4 <br><a href=\"https:\/\/jyx.jyu.fi\/jyx\/Record\/jyx_123456789_103730?sid=189350899\">QCD Corrections in the Hadron Production of the Electron\u2013Positron Scattering<\/a><br>Jyv\u00e4skyl\u00e4, June <strong>2025<\/strong><br>Supervisor: K.J. Eskola<\/p>\n\n\n\n<p>Ville Alanko<br><a href=\"https:\/\/jyx.jyu.fi\/jyx\/Record\/jyx_123456789_101449?sid=159268247\" data-type=\"link\" data-id=\"https:\/\/jyx.jyu.fi\/handle\/123456789\/99785\">Simultaneous production of a W boson and a charm in high-energy proton-proton collisions<\/a><br>Jyv\u00e4skyl\u00e4, March <strong>2025<\/strong><br>Supervisors: H. Paukkunen, I. Helenius<\/p>\n\n\n\n<p>Mikko Karhunen<br><a href=\"https:\/\/jyx.jyu.fi\/handle\/123456789\/99785\" data-type=\"link\" data-id=\"https:\/\/jyx.jyu.fi\/handle\/123456789\/99785\">Correlated uncertainties in Bayesian inference<\/a><br>Jyv\u00e4skyl\u00e4, January <strong>2025<\/strong><br>Supervisor: H. M\u00e4ntysaari<\/p>\n\n\n\n<p>Pyry Runko<br><a href=\"https:\/\/jyx.jyu.fi\/jyx\/Record\/jyx_123456789_98850\">Kvarkittoman QCD:n faasitransitio hilalla<\/a>&nbsp;<br>Jyv\u00e4skyl\u00e4, December <strong>2024<\/strong><br>Supervisor: T. Lappi<\/p>\n\n\n\n<p>Tero Lappetel\u00e4inen<br><a href=\"https:\/\/jyx.jyu.fi\/handle\/123456789\/96516\" data-type=\"link\" data-id=\"https:\/\/jyx.jyu.fi\/handle\/123456789\/96516\">Hadronien irtikytkeytymisen mallintaminen Cooper-Frye integraalilla ultrarelativistisissa raskasionit\u00f6rm\u00e4yksiss\u00e4<\/a><br>Jyv\u00e4skyl\u00e4, June <strong>2024<\/strong><br>Supervisors: H. Niemi<\/p>\n\n\n\n<p>Mika Piipponen<br><a href=\"https:\/\/jyx.jyu.fi\/handle\/123456789\/95848\" data-type=\"link\" data-id=\"https:\/\/jyx.jyu.fi\/handle\/123456789\/95848\">Application of novel relaxation time approximation for the Boltzmann equation in relativistic fluid dynamics<\/a><br>Jyv\u00e4skyl\u00e4, May <strong>2024<\/strong><br>Supervisor: H. Niemi<\/p>\n\n\n\n<p>Patricia Gimeno Estivill<br><a href=\"https:\/\/jyx.jyu.fi\/handle\/123456789\/88453\">Pair production in a Color Glass Condensate background<\/a><br>Jyv\u00e4skyl\u00e4, June&nbsp;<strong>2023<br><\/strong>Supervisor: T. Lappi<\/p>\n\n\n\n<p>Alex Tolvanen<br><a href=\"https:\/\/jyx.jyu.fi\/handle\/123456789\/87078\" data-linktype=\"external\" data-val=\"https:\/\/jyx.jyu.fi\/handle\/123456789\/87078\">Semileptonic decays of heavy-flavour hadrons<\/a><br>Jyv\u00e4skyl\u00e4, June <strong>2023<\/strong><br>Supervisors: I. Helenius, H. Paukkunen<\/p>\n\n\n\n<p>Aleksi Harmoinen<br><a href=\"https:\/\/jyx.jyu.fi\/handle\/123456789\/88423\" data-linktype=\"external\" data-val=\"https:\/\/jyx.jyu.fi\/handle\/123456789\/88423\">Inclusive and semi-inclusive deeply inelastic lepton-hadron scattering in next-to-leading order perturbative QCD<\/a><br>Jyv\u00e4skyl\u00e4, July <strong>2023<\/strong><br>Supervisors: K. J. Eskola, H. Paukkunen<\/p>\n\n\n\n<p>Sami Yrj\u00e4nheikki<br><a href=\"https:\/\/jyx.jyu.fi\/handle\/123456789\/84037\" data-linktype=\"external\" data-val=\"https:\/\/jyx.jyu.fi\/handle\/123456789\/84037\">The equivalent photon approximation in one- and two-photon exchange processses<\/a><br>Jyv\u00e4skyl\u00e4, November <strong>2022<\/strong><br>Supervisors: I. Helenius, H. Paukkunen<\/p>\n\n\n\n<p>Joni Laulainen<br><a href=\"https:\/\/jyx.jyu.fi\/handle\/123456789\/82016\" data-linktype=\"external\" data-val=\"https:\/\/jyx.jyu.fi\/handle\/123456789\/82016\">A Monte-Carlo simulation of neutral-current deep inelastic scattering in parton model<\/a><br>Jyv\u00e4skyl\u00e4, June <strong>2022<\/strong><br>Supervisors: I. Helenius<\/p>\n\n\n\n<p>Teemu Kovanen<br><a title=\"Jet production in deep inelastic scattering at small Bjorken x\" href=\"http:\/\/urn.fi\/URN:NBN:fi:jyu-202106294088\" data-linktype=\"external\" data-val=\"http:\/\/urn.fi\/URN:NBN:fi:jyu-202106294088\">Raskaiden kvarkkiparien tuotto protoni\u2013protoni- ja protoni\u2013antiprotoni-t\u00f6rm\u00e4yksiss\u00e4 kvanttiv\u00e4ridynamiikan h\u00e4iri\u00f6teorian alimmassa kertaluvussa<\/a><br>Jyv\u00e4skyl\u00e4, June <strong>2021<\/strong><br>Supervisor: K. J. Eskola<\/p>\n\n\n\n<p>Laura Huhta<br><a title=\"Jet production in deep inelastic scattering at small Bjorken x\" href=\"http:\/\/urn.fi\/URN:NBN:fi:jyu-202106244018\" data-linktype=\"external\" data-val=\"http:\/\/urn.fi\/URN:NBN:fi:jyu-202106244018\">Jet production in deep inelastic scattering at small Bjorken x<\/a><br>Jyv\u00e4skyl\u00e4, June <strong>2021<\/strong><br>Supervisor: H. M\u00e4ntysaari<\/p>\n\n\n\n<p>Mirja Tevio<br><a href=\"http:\/\/urn.fi\/URN:NBN:fi:jyu-202012117074\" data-linktype=\"external\" data-val=\"http:\/\/urn.fi\/URN:NBN:fi:jyu-202012117074\">Quark Mass Renormalization in Perturbative Quantum Chromodynamics in Light-Cone Gauge<\/a><br>Jyv\u00e4skyl\u00e4, December <strong>2020<\/strong><br>Supervisors: T. Lappi, H. Paukkunen<\/p>\n\n\n\n<p>Henry Hirvonen<br><a href=\"http:\/\/urn.fi\/URN:NBN:fi:jyu-201912195447\" data-linktype=\"external\" data-val=\"http:\/\/urn.fi\/URN:NBN:fi:jyu-201912195447\">Effects of bulk viscosity inrelativistic heavy ion collisions<\/a><br>Jyv\u00e4skyl\u00e4, December <strong>2019<\/strong><br>Supervisor: H. Niemi<\/p>\n\n\n\n<p>Jani Penttala<br><a href=\"http:\/\/urn.fi\/URN:NBN:fi:jyu-201912195448\" data-linktype=\"external\" data-val=\"http:\/\/urn.fi\/URN:NBN:fi:jyu-201912195448\">Heavy Quarkonia in Non-Relativistic Quantum Chromodynamics<\/a><br>Jyv\u00e4skyl\u00e4, December <strong>2019<\/strong><br>Supervisor: H. M\u00e4ntysaari<\/p>\n\n\n\n<p>Sami Demirci<br><a href=\"https:\/\/jyx.jyu.fi\/bitstream\/handle\/123456789\/59417\/URN%3aNBN%3afi%3ajyu-201809034004.pdf?sequence=1&amp;isAllowed=y\" data-linktype=\"external\" data-val=\"https:\/\/jyx.jyu.fi\/bitstream\/handle\/123456789\/59417\/URN%3aNBN%3afi%3ajyu-201809034004.pdf?sequence=1&amp;isAllowed=y\">Evaluation of adjoint representation Wilson line 4-point correlators in the MV model<\/a><br>Jyv\u00e4skyl\u00e4, August <strong>2018<\/strong><br>Supervisor: T. Lappi<\/p>\n\n\n\n<p>Topi L\u00f6yt\u00e4inen<br><a class=\"external-link\" title=\"\" href=\"https:\/\/jyx.jyu.fi\/dspace\/bitstream\/handle\/123456789\/55650\/URN%3aNBN%3afi%3ajyu-201710174018.pdf?sequence=1\" target=\"_self\" rel=\"noopener\">Lowest order perturbative quantum field theory calculations of bound state decay widths<br><\/a>Department of Physics, University of Jyv\u00e4skyl\u00e4<a class=\"external-link\" title=\"\" href=\"https:\/\/jyx.jyu.fi\/dspace\/handle\/123456789\/55650\" target=\"_self\" rel=\"noopener\"><br><\/a>Jyv\u00e4skyl\u00e4, October<strong> 2017<br><\/strong>Supervisor: K. J. Eskola<\/p>\n\n\n\n<p>Tapani Stylman<br><a class=\"external-link\" title=\"\" href=\"https:\/\/jyx.jyu.fi\/dspace\/bitstream\/handle\/123456789\/55817\/URN%3aNBN%3afi%3ajyu-201711094198.pdf?sequence=1\" target=\"_self\" rel=\"noopener\">QCD bremsstrahlung at high energy<br><\/a>Department of Physics, University of Jyv\u00e4skyl\u00e4<br>Jyv\u00e4skyl\u00e4, September <strong>2017<br><\/strong>Supervisor: T. Lappi<\/p>\n\n\n\n<p>Henri H\u00e4nninen<br><a class=\"external-link\" title=\"\" href=\"https:\/\/jyx.jyu.fi\/dspace\/bitstream\/handle\/123456789\/53438\/URN%3aNBN%3afi%3ajyu-201703311846.pdf?sequence=1\" target=\"_self\" rel=\"noopener\">Next-to-Leading order corrections to Deep Inelastic Scattering structure functions at small Bjorken-x<br><\/a>Department of Physics, University of Jyv\u00e4skyl\u00e4<br>Jyv\u00e4skyl\u00e4, March<strong> 2017<\/strong><br>Supervisor: T. Lappi<\/p>\n\n\n\n<p>Mikko Kuha<br><a class=\"external-link\" title=\"\" href=\"https:\/\/jyx.jyu.fi\/dspace\/bitstream\/handle\/123456789\/53434\/URN%3aNBN%3afi%3ajyu-201703311843.pdf?sequence=1\" target=\"_self\" rel=\"noopener\">Eikonal Minijet Model for Proton-Proton Collisions<br><\/a>Department of Physics, University of Jyv\u00e4skyl\u00e4<a class=\"external-link\" title=\"\" href=\"https:\/\/jyx.jyu.fi\/dspace\/bitstream\/handle\/123456789\/53434\/URN%3aNBN%3afi%3ajyu-201703311843.pdf?sequence=1\" target=\"_self\" rel=\"noopener\"><br><\/a>Jyv\u00e4skyl\u00e4 March <strong>2017<br><\/strong>Supervisor: K. J. Eskola<\/p>\n\n\n\n<p>Petja Paakkinen<br><a class=\"external-link\" title=\"\" href=\"https:\/\/jyx.jyu.fi\/dspace\/bitstream\/handle\/123456789\/48513\/URN%3aNBN%3afi%3ajyu-201601281326.pdf?sequence=1\" target=\"_self\" rel=\"noopener\">Dokshitzer\u2013Gribov\u2013Lipatov\u2013<\/a><a class=\"external-link\" title=\"\" href=\"https:\/\/jyx.jyu.fi\/dspace\/bitstream\/handle\/123456789\/48513\/URN%3aNBN%3afi%3ajyu-201601281326.pdf?sequence=1\" target=\"_self\" rel=\"noopener\">Altarelli\u2013Parisi evolution equations<br><\/a>Department of Physics, University of Jyv\u00e4skyl\u00e4<br>Jyv\u00e4skyl\u00e4, October <strong>2015<\/strong><br>Supervisors: K. J. Eskola and H. Paukkunen<\/p>\n\n\n\n<p>Jarkko Peuron<br><a class=\"external-link\" href=\"https:\/\/jyx.jyu.fi\/dspace\/bitstream\/handle\/123456789\/44194\/URN%3aNBN%3afi%3ajyu-201409052728.pdf?sequence=1\">Determination of the non-abelian Debye screening mass using classical chromodynamics<\/a><br>Department of Physics, University of Jyv\u00e4skyl\u00e4<br>Jyv\u00e4skyl\u00e4, September <strong>2014<br><\/strong>Supervisor: T. Lappi<\/p>\n\n\n\n<p>Paula P\u00f6yh\u00f6nen<br>Hiukkanen Higgsist\u00e4<br>Department of Physics, University of Jyv\u00e4skyl\u00e4<br>Jyv\u00e4skyl\u00e4,&nbsp;August<strong> 2013<\/strong><br>Supervisor: T. Lappi<\/p>\n\n\n\n<p>Tatu Mustonen<br><a class=\"external-link\" href=\"https:\/\/jyx.jyu.fi\/dspace\/bitstream\/handle\/123456789\/41814\/URN%3aNBN%3afi%3ajyu-201306192018.pdf?sequence=1\">Suora fotonituotto suurienergiaisissa ydint\u00f6rm\u00e4yksiss\u00e4 s\u00e4hk\u00f6magneettisen ja vahvan vuorovaikutuksen kertaluvussa O(\\alpha_em \\alpha_s) <\/a><br>Department of Physics, University of Jyv\u00e4skyl\u00e4<br>Jyv\u00e4skyl\u00e4, June <strong>2013<\/strong><br>Supervisor: K.J. Eskola<\/p>\n\n\n\n<p>Heikki M\u00e4ntysaari<br><a class=\"external-link\" href=\"https:\/\/jyx.jyu.fi\/dspace\/bitstream\/handle\/123456789\/37095\/URN%3aNBN%3afi%3ajyu-2011121611810.pdf?sequence=1\">Balitsky-Kovchegov equation<\/a><br>Department of Physics, University of Jyv\u00e4skyl\u00e4<br>Jyv\u00e4skyl\u00e4, November <strong>2011<\/strong><br>Supervisor: T. Lappi<\/p>\n\n\n\n<p>Ilkka Helenius<br>The Structure Functions to the Order alpha_s in Deep Inelastic Neutrino Scattering Processes<br>Department of Physics, University of Jyv\u00e4skyl\u00e4<br>Jyv\u00e4skyl\u00e4, June <strong>2010<\/strong><br>Supervisor: K. J. Eskola<\/p>\n\n\n\n<p>Risto Paatelainen<br>Quark and Gluon Scatterings In the Leading and Next-to-Leading Order QCD Perturbation Theory<br>Department of Physics, University of Jyv\u00e4skyl\u00e4<br>Jyv\u00e4skyl\u00e4, June <strong>2010<\/strong><br>Supervisor: K. J. Eskola<\/p>\n\n\n\n<p>Tuomas Hapola<br><a class=\"external-link\" href=\"https:\/\/jyx.jyu.fi\/dspace\/bitstream\/handle\/123456789\/22763\/Hapola_thesis2.pdf?sequence=4\">Minimal Walking with Z_6 Symmetry<\/a><br>Department of Physics, University of Jyv\u00e4skyl\u00e4<br>Jyv\u00e4skyl\u00e4, December <strong>2009<\/strong><br>Supervisor: K. Tuominen<\/p>\n\n\n\n<p>Timo Alho<br><a class=\"external-link\" href=\"https:\/\/jyx.jyu.fi\/dspace\/bitstream\/handle\/123456789\/21793\/URN_NBN_fi_jyu-200909223933.pdf?sequence=1\">Gauge\/gravity dualities<\/a><br>Department of Physics, University of Jyv\u00e4skyl\u00e4<br>Jyv\u00e4skyl\u00e4, December <strong>2008<\/strong><br>Supervisor: K. Tuominen<\/p>\n\n\n\n<p>Hannu Holopainen<br><a class=\"external-link\" href=\"https:\/\/jyx.jyu.fi\/dspace\/bitstream\/handle\/123456789\/19212\/URN_NBN_fi_jyu-200811175880.pdf?sequence=1\">Viskositeetti ja poikittaisvirtaus raskasionit\u00f6rm\u00e4ysten hydrodynamiikassa<\/a><br>Department of Physics, University of Jyv\u00e4skyl\u00e4<br>Jyv\u00e4skyl\u00e4, October <strong>2008<\/strong><br>Supervisors: K.J. Eskola and K. Tuominen<\/p>\n\n\n\n<p>Perttu M\u00e4kinen,<br>Relativistisen skalaarikentt\u00e4teorian paine<br>Department of Physics, University of Jyv\u00e4skyl\u00e4<br>Jyv\u00e4skyl\u00e4, September <strong>2007<\/strong><br>Supervisor: K. Tuominen<\/p>\n\n\n\n<p>Tuomo Kalliokoski,<br>Production of D mesons according to the parton model and their dedection in ALICE<br>Department of Physics, University of Jyv\u00e4skyl\u00e4<br>Jyv\u00e4skyl\u00e4, Septempber <strong>2007<\/strong><br>Supervisor: V. Ruuskanen<\/p>\n\n\n\n<p>Tuomas Karavirta,<br><a class=\"external-link\" href=\"https:\/\/jyx.jyu.fi\/dspace\/bitstream\/handle\/123456789\/8175\/URN_NBN_fi_jyu-2007455.pdf?sequence=1\">Tihe\u00e4 kvarkkiaine ja Nambu-Jona-Lasinio-malli<\/a><br>Department of Physics, University of Jyv\u00e4skyl\u00e4<br>Jyv\u00e4skyl\u00e4, June <strong>2007<\/strong><br>Supervisor: K. Tuominen<\/p>\n\n\n\n<p>Petri Kiuru,<br>Dileptonituotto ultarelativistisissa raskasionit\u00f6rm\u00e4yksiss\u00e4<br>Department of Physics, University of Jyv\u00e4skyl\u00e4<br>Jyv\u00e4skyl\u00e4, June&nbsp;<strong>2007<\/strong><br>Supervisor: K. J. Eskola<\/p>\n\n\n\n<p>Jussi Auvinen,<br><a class=\"external-link\" href=\"https:\/\/jyx.jyu.fi\/dspace\/bitstream\/handle\/123456789\/8184\/URN_NBN_fi_jyu-2007393.pdf?sequence=1\">Elastiset t\u00f6rm\u00e4ykset suurienergiaisten partonien poikittaisliikem\u00e4\u00e4r\u00e4n vaimenemismekanismina kvarkkigluoniplasmassa<\/a><br>Department of Physics, University of Jyv\u00e4skyl\u00e4<br>Jyv\u00e4skyl\u00e4, May <strong>2007<\/strong><br>Supervisor: K. J. Eskola<\/p>\n\n\n\n<p>Matti Heikinheimo,<br><a class=\"external-link\" href=\"https:\/\/jyx.jyu.fi\/dspace\/bitstream\/handle\/123456789\/8171\/URN_NBN_fi_jyu-2007296.pdf?sequence=1\">S\u00e4hk\u00f6heikko Symmetriarikko tekniv\u00e4riteorioissa<\/a><br>Department of Physics, University of Jyv\u00e4skyl\u00e4<br>Jyv\u00e4skyl\u00e4, April <strong>2007<\/strong><br>Supervisor: K. Tuominen<\/p>\n\n\n\n<p>Suvi Laitinen<br>Lumo-kvarkkituotto syv\u00e4ss\u00e4 ep\u00e4elastisessa elektroni-protoni-sironnassa<br>vapaan sek\u00e4 ytimeen sitoutuneen protonin gluonijakauman tutkimisessa<br>Jyv\u00e4skyl\u00e4, December <strong>2006<\/strong><br>Supervisor: K.J. Eskola<\/p>\n\n\n\n<p>Topi K\u00e4h\u00e4r\u00e4,<br>Kahden kevyen kvarkkimaun kvanttiv\u00e4ridynamiikan termodynamiikka lineaarisessa sigmamallissa<br>Jyv\u00e4skyl\u00e4,&nbsp; August <strong>2006<\/strong><br>Supervisor: K. Tuominen<\/p>\n\n\n\n<p>Hannu Paukkunen,<br>A survey to the NuTeV anomaly: significance of the nuclear parton distributions<br>Department of Physics, University of Jyv\u00e4skyl\u00e4<br>Jyv\u00e4skyl\u00e4, December <strong>2005<\/strong><br>Supervisor: K.J. Eskola<\/p>\n\n\n\n<p>Harri Niemi,<br>Ultrarelativististen raskasionit\u00f6rm\u00e4yksien hydrodynaaminen mallintaminen ja elliptinen virtaus<br>Department of Physics, University of Jyv\u00e4skyl\u00e4<br>Jyv\u00e4skyl\u00e4, June <strong>2004<\/strong><br>Supervisor: P.V. Ruuskanen<\/p>\n\n\n\n<p>Sami R\u00e4s\u00e4nen<br>Hydrodynaamisen mallin ennusteista keskirapiditeetissa havaittavien hadronien liikem\u00e4\u00e4r\u00e4jakaumille RHIC- ja LHC-t\u00f6rm\u00e4yttimill\u00e4 teht\u00e4viss\u00e4 kokeissa<br>Department of Physics, University of Jyv\u00e4skyl\u00e4<br>Jyv\u00e4skyl\u00e4, July <strong>2001<\/strong><br>Supervisor: P.V. Ruuskanen<\/p>\n\n\n\n<p>Heli Honkanen<br>Kova hadroni-hadroni sironta jettituotossa: Aliprosessit alimmassa kertaluvussa.<br>Department of Physics, University of Jyv\u00e4skyl\u00e4<br>Jyv\u00e4skyl\u00e4, April <strong>1999<\/strong><br>Supervisor: K.J. Eskola<\/p>\n\n\n\n<p>Vesa Kolhinen<br>Drellin-Yanin prosessin poikittaisliikem\u00e4\u00e4r\u00e4riippuvuus<br>Department of Physics, University of Jyv\u00e4skyl\u00e4<br>Jyv\u00e4skyl\u00e4, June <strong>1996<\/strong><br>Supervisor: P.V. Ruuskanen<\/p>\n\n\n\n<p>Pasi Huovinen<br>Raskasionit\u00f6rm\u00e4ysten hydrodynaamisesta mallintamisesta<br>Department of Physics, University of Jyv\u00e4skyl\u00e4<br>Jyv\u00e4skyl\u00e4, <strong>1996<\/strong><br>Supervisor: P.V. Ruuskanen<\/p>\n","protected":false},"excerpt":{"rendered":"<p>Anna-Mari Lev\u00e4lampiD-meson photoproduction in ultra-peripheral heavy-ion collisionsJyv\u00e4skyl\u00e4, November 2025Supervisor: I. Helenius Mika PeuraModeling the p+p scattering with the baryon operatorJyv\u00e4skyl\u00e4, November 2025Supervisor: H. M\u00e4ntysaari Kosmo KukkonenA kinetic simulation of a quark-gluon gasJyv\u00e4skyl\u00e4, June 2025 Supervisors: K. J. Eskola, H. Niemi&nbsp; Joel Simeon Hyypp\u00e4 QCD Corrections in the Hadron Production of the Electron\u2013Positron ScatteringJyv\u00e4skyl\u00e4, June 2025Supervisor: [&hellip;]<\/p>\n","protected":false},"author":2,"featured_media":0,"parent":122,"menu_order":0,"comment_status":"closed","ping_status":"closed","template":"","meta":{"footnotes":""},"class_list":["post-126","page","type-page","status-publish","hentry","post"],"_links":{"self":[{"href":"https:\/\/research.hip.fi\/qcdtheory\/wp-json\/wp\/v2\/pages\/126","targetHints":{"allow":["GET"]}}],"collection":[{"href":"https:\/\/research.hip.fi\/qcdtheory\/wp-json\/wp\/v2\/pages"}],"about":[{"href":"https:\/\/research.hip.fi\/qcdtheory\/wp-json\/wp\/v2\/types\/page"}],"author":[{"embeddable":true,"href":"https:\/\/research.hip.fi\/qcdtheory\/wp-json\/wp\/v2\/users\/2"}],"replies":[{"embeddable":true,"href":"https:\/\/research.hip.fi\/qcdtheory\/wp-json\/wp\/v2\/comments?post=126"}],"version-history":[{"count":12,"href":"https:\/\/research.hip.fi\/qcdtheory\/wp-json\/wp\/v2\/pages\/126\/revisions"}],"predecessor-version":[{"id":729,"href":"https:\/\/research.hip.fi\/qcdtheory\/wp-json\/wp\/v2\/pages\/126\/revisions\/729"}],"up":[{"embeddable":true,"href":"https:\/\/research.hip.fi\/qcdtheory\/wp-json\/wp\/v2\/pages\/122"}],"wp:attachment":[{"href":"https:\/\/research.hip.fi\/qcdtheory\/wp-json\/wp\/v2\/media?parent=126"}],"curies":[{"name":"wp","href":"https:\/\/api.w.org\/{rel}","templated":true}]}}